 to base 3.
-1101112100
Convert -234a1a (base 15) to base 8.
-6335600
-2433001 (base 6) to base 10
-128953
553c6 (base 13) to base 11
a6058
Convert 32201233 (base 4) to base 2.
1110100001101111
What is -503ba (base 14) in base 15?
-3c207
Convert 44859 (base 13) to base 16.
1e62a
What is -1085673 (base 12) in base 3?
-12221121201020
What is 1012232023 (base 4) in base 7?
2314351
What is 16004367 (base 9) in base 2?
11110011010111110110011
343400022 (base 5) to base 6
53031014
Convert -20645452 (base 7) to base 8.
-6554370
What is -14425635 (base 7) in base 9?
-2514736
What is 12123400 (base 5) in base 12?
56129
Convert 11305004 (base 7) to base 12.
3baa18
Convert 2124453 (base 6) to base 14.
2a241
Convert -11100200000 (base 3) to base 14.
-23391
255421240 (base 6) to base 3
100110100122120
What is -20dbfc (base 16) in base 6?
-114053432
Convert d503 (base 14) to base 15.
acda
What is e7aeb0 (base 15) in base 3?
202202000021210
313952 (base 15) to base 4
20323201301
-31054405 (base 6) to base 7
-10412201
Convert 16509a (base 11) to base 3.
110222200221
2040611 (base 7) to base 12
b9a98
Convert -2113011400 (base 5) to base 9.
-8280748
What is -2131411001 (base 5) in base 14?
-869bd4
-21003303 (base 4) to base 6
-443443
1246373 (base 9) to base 6
22330150
Convert 111111111000110001100 (base 2) to base 3.
10221100200021
-1601a8 (base 14) to base 6
-24250344
101010021 (base 3) to base 5
214003
What is -1063111 (base 8) in base 13?
-a1312
Convert -1510535 (base 6) to base 5.
-10241120
215296 (base 12) to base 9
883456
What is -22212200210212 (base 3) in base 15?
-632d9e
-75546 (base 9) to base 14
-1432b
10101000100111000101 (base 2) to base 12
293805
What is 11130200200 (base 4) in base 6?
50332424
Convert 14179a6 (base 11) to base 12.
9986a8
What is -aeaf (base 16) in base 3?
-2021100021
What is 11100110100001110000 (base 2) in base 10?
944240
12112211221201 (base 3) to base 14
56ac67
Convert -19211d (base 14) to base 7.
-10362436
What is a255 (base 12) in base 15?
5358
What is -1346290 (base 11) in base 9?
-4327571
What is -133104 (base 12) in base 11?
-1a6771
77567 (base 9) to base 2
1100100100101000
-144224553 (base 6) to base 3
-12122200100220
What is 2110122101020 (base 3) in base 11?
816598
Convert -2006440 (base 7) to base 9.
-401807
2655651 (base 9) to base 14
29bd26
-1826c1 (base 16) to base 14
-2d2b61
Convert -1636364 (base 8) to base 6.
-14100032
15121032 (base 6) to base 8
1777054
Convert -7218353 (base 9) to base 12.
-1358619
What is -11101120221101 (base 3) in base 8?
-10717006
-927713 (base 10) to base 3
-1202010120202
-c69 (base 15) to base 6
-20543
What is 1001222020111 (base 3) in base 14?
10bb65
3185c (base 15) to base 7
1223061
Convert 1316646 (base 7) to base 8.
521471
Convert 232a9b4 (base 13) to base 4.
221120200001
7c60 (base 14) to base 13
9b0c
Convert 1111101011001101000 (base 2) to base 10.
513640
1302001 (base 4) to base 3
101000021
-b5c93b (base 14) to base 13
-137105c
What is 108628 (base 9) in base 6?
1222425
What is 7f291 (base 16) in base 5?
113131344
155442466 (base 7) to base 4
220033110223
Convert 1560451 (base 9) to base 2.
11010011100001110110
What is -615533 (base 7) in base 2?
-11001101100001011
-144643 (base 9) to base 6
-1522450
Convert 113913 (base 13) to base 16.
639ae
-3b8c2 (base 14) to base 15
-2d915
-e020a2 (base 16) to base 15
-14521cd
Convert 10575476 (base 8) to base 5.
1041330132
Convert 7192 (base 15) to base 5.
1231422
-4516640 (base 10) to base 8
-21165440
800539 (base 10) to base 12
327337
What is -3133130120 (base 4) in base 2?
-11011111011100011000
Convert 161813 (base 10) to base 15.
32e28
Convert 245424411 (base 6) to base 9.
8834547
What is 9e08d3 (base 16) in base 5?
10122410242
What is 16564354 (base 8) in base 10?
3860716
Convert 23582477 (base 9) to base 10.
11509846
Convert 1102012100222110 (base 3) to base 11.
10506033
Convert -2301010000 (base 4) to base 6.
-23313344
What is -15411034 (base 6) in base 12?
-223a7a
Convert -1052453 (base 9) to base 13.
-16a874
23162423 (base 7) to base 11
1168865
Convert -1100011100110001010 (base 2) to base 12.
-1780b6
-113133120 (base 4) to base 10
-96216
3022021101 (base 4) to base 13
22cb42
Convert -aad1d (base 16) to base 15.
-dc4a2
Convert 1731aa (base 13) to base 16.
8d248
Convert 101000000100000000 (base 2) to base 9.
270078
-4400113140 (base 5) to base 6
-533010030
Convert 19a7b (base 13) to base 9.
75675
Convert -111011231200 (base 4) to base 15.
-7430b1
-2011212101 (base 3) to base 13
-166c0
What is 5888c (base 15) in base 5?
33011212
-21b87e (base 15) to base 16
-188ae3
-143241433 (base 5) to base 16
-b94d1
-13121423 (base 5) to base 13
-46cc3
What is -3a1633 (base 14) in base 16?
-1e8abd
What is dfc96 (base 16) in base 2?
11011111110010010110
Convert -2c3401 (base 15) to base 7.
-24111061
Convert 111001011000010100101 (base 2) to base 13.
50aa80
What is 471ab3 (base 12) in base 16?
1173e7
What is -183173 (base 9) in base 12?
-55a93
Convert -126d1 (base 16) to base 3.
-10211112022
What is -74754 (base 8) in base 2?
-111100111101100
What is -158cd2 (base 15) in base 7?
-11601026
What is 284044 (base 9) in base 2?
101010010111100110
Convert -122330441 (base 6) to base 15.
-3194aa
-8206b2 (base 13) to base 14
-58ba25
What is 447057a (base 11) in base 13?
18137a9
90286 (base 11) to base 6
2455333
Convert 100000010011010100 (base 2) to base 14.
36308
What is -213564 (base 11) in base 6?
-11152335
Convert 125425045 (base 6) to base 10.
2507573
What is -d2c678 (base 16) in base 2?
-110100101100011001111000
-307ac4 (base 16) to base 7
-36001563
Convert 1000111110001101001100 (base 2) to base 12.
9550b8
-10114323242 (base 5) to base 6
-1004533551
Convert -1012120100111 (base 3) to base 8.
-2344027
What is 100010133220 (base 4) in base 9?
7830671
Convert 2632076 (base 10) to base 8.
12024614
What is 31213 (base 7) in base 3?
101111111
What is 1264d3 (base 16) in base 5?
302033314
Convert -63560 (base 8) to base 16.
-6770
What is -755c3 (base 14) in base 4?
-1011102013
What is -230695 (base 15) in base 7?
-20132654
What is -2184317 (base 13) in base 11?
-587a590
What is -2054131 (base 6) in base 13?
-36ac0
Convert 20221121122 (base 3) to base 15.
2a7d2
What is 5282b (base 13) in base 15?
2e05d
Convert 1000010102011 (base 3) to base 12.
218ba1
What is -45121034 (base 6) in base 5?
-322114010
Convert -1077065 (base 8) to base 5.
-33410303
-b4cd4 (base 15) to base 13
-170c20
3753b3 (base 16) to base 10
3625907
Convert -1331545 (base 8) to base 12.
-160259
What is 173a (base 15) in base 16?
138d
What is -13011011441 (base 5) in base 4?
-323331303011
Convert -758472 (base 12) to base 13.
-5017b2
Convert -170500 (base 10) to base 2.
-101001101000000100
Convert -4302040021 (base 5) to base 6.
-521142344
What is 1202112121011 (base 3) in base 14?
1a502b
Convert -302011110 (base 4) to base 13.
-724b0
What is -30330212 (base 5) in base 16?
-3bfb2
63589 (base 11) to base 16
1697d
Convert 254670 (base 8) to base 10.
88504
30504651 (base 7) to base 5
1123300431
What is 423baa (base 13) in base 8?
5725044
131955 (base 10) to base 7
1056465
29ac9c (base 14) to base 7
15223155
Convert 87156 (base 11) to base 9.
212626
What is -5543767 (base 8) in base 4?
-11230133313
Convert 10011100101111101111010 (base 2) to base 7.
61441330
Convert -18a551 (base 11) to base 12.
-12109a
Convert -34c1 (base 16) to base 5.
-413010
What is -1100012202021 (base 3) in base 7?
-6026035
What is 25005430 (base 6) in base 14?
169706
-181326 (base 11) to base 14
-7400d
Convert -238561 (base 11) to base 9.
-634552
-3153334 (base 9) to base 3
-10011210101011
aa612 (base 13) to base 5
34333414
What is 411442 (base 7) in base 9?
116257
1b4721 (base 16) to base 12
722655
Convert 4514451 (base 7) to base 13.
167370
Convert -100110000010000101 (base 2) to base 8.
-460205
11212021100 (base 3) to base 7
546000
534150345 (base 6) to base 13
1c56368
What is -74967 (base 11) in base 12?
-53091
What is -60e13 (base 16) in base 10?
-396819
1662553 (base 8) to base 13
13c81a
Convert 110678 (base 9) to base 11.
45792
Convert 22c405 (base 13) to base 12.
33a541
1020011102101 (base 3) to base 14
12dc5c
-424351 (base 10) to base 13
-11b1c5
Convert -253a403 (base 13) to base 5.
-10433242130
Convert -30354